 = 37. What is the units digit of l?
7
Suppose -5*x + 324 = -356. What is the units digit of -5*(x/10)/(-2)?
4
Let i = 6 - -22. Suppose 0*u = u + 5*b - i, 3*u = 2*b + 16. What is the units digit of u?
8
Suppose 5*o - 4*b + 3 - 33 = 0, 2*b + 2 = -4*o. Let j(m) = m**2 + 7*m + 9. Let u be j(-6). Suppose -v = -o*v + u. What is the units digit of v?
3
Suppose 0 = 3*u - 425 - 43. What is the tens digit of u?
5
Suppose s + 3 = 0, -3*p = -4*p - s - 40. Let n = 65 + p. What is the tens digit of n?
2
Let v be -1 - (6 - (-2 - -2)). Let y = 12 + v. Suppose -t + 0*m + 24 = 4*m, 0 = 3*t - y*m - 21. What is the tens digit of t?
1
Let i be (-1 - (-2 + -1))*2. Suppose 5*t = 3*q - 50, -i*t - t = 4*q - 20. What is the units digit of q?
0
Let c = -227 + 392. Suppose -5*b - 4*f + c = 0, -5*b + 3*b + 66 = f. What is the units digit of b?
3
What is the units digit of 867/6 + ((-14)/(-4) - 2)?
6
Let p(j) = 14*j + 1. Suppose -4*l + 11 + 1 = 0. Suppose 3*i + 0 = l. What is the units digit of p(i)?
5
Let f be 28/(-6)*21*-1. Suppose 8*v = 4*v - 2*a + f, -5*a = 3*v - 84. Suppose 5*r - 52 = -4*d, -4*r + 24 = 5*d - v. What is the units digit of r?
8
Suppose 0 = 5*s - 0*d - 5*d - 305, 5*d = 2*s - 116. Suppose -3*f + 3*a + s = 0, -3*a = -4*f + 48 + 32. What is the units digit of f?
7
Suppose -7*u + 228 = -5*u. What is the tens digit of u?
1
Let u(z) = 28*z - 6. What is the units digit of u(2)?
0
Let j be (-6)/(-27) - (-4)/(-18). Suppose 8 = -2*a - j, -5*a = -5*i + 80. What is the tens digit of i?
1
Let o(z) = -1. Let v(k) = 3*k**2 + 6 - 3*k**2 + 2*k**2 - 3*k. Let u(t) = 6*o(t) + v(t). What is the units digit of u(3)?
9
Suppose 3*l - 4 = -2*u, 5*u + 0*u = -l + 10. Suppose -3*h - d = -u*d - 11, 2*h - 2*d = 10. Suppose z + h = 7. What is the units digit of z?
4
What is the units digit of (-1 + 2)*(-1)/((-2)/206)?
3
Let p(i) = -i**3 - 8*i**2 - i - 1. Suppose 0*m - 34 = 4*b - m, -2 = b + 3*m. What is the units digit of p(b)?
7
Let g = -17 - -27. Suppose 3*k = 3*w + 12, 3*w + 3*k + g = 4*k. Let x(h) = 3*h**2 + 3*h - 3. What is the units digit of x(w)?
5
Let j(b) = b**3 - b**2 - b + 11. Let a be j(0). Suppose -4*o + 5 + a = 0. What is the units digit of o?
4
Let b be ((-22)/6)/((-2)/6). Suppose 2*m + 3 = -k, -b = -3*k + 3*m + 7. What is the units digit of k?
3
Let f(x) = x**2 - 5*x + 1. Let b be f(10). Let s be (-3 + 0)/(1 + -2). What is the units digit of s/(-12) - b/(-12)?
4
Let l(w) = 4*w + 1. Let s be l(1). Let a = s + -2. Suppose -4*x + 46 = -2*z + 4, 5*x - 47 = -a*z. What is the units digit of x?
0
Suppose 0*d = 5*d + 50. Let r be 2/10 - 88/d. Suppose 2*m = 4*m + 5*q - 29, 0 = -3*q + r. What is the units digit of m?
7
Let b be 0/(-4 - -2) + 16. Let j = -6 + b. What is the units digit of j?
0
Let z be (2 + -2)*(-1)/2. Let k be -2 - 0 - (z + -5). What is the units digit of 8/(-6)*(k + -6)?
4
Let w be 2/(2*(0 + -1)). What is the units digit of w + 1 + 1 - -4?
5
Let g be 8/(-10) + (-1)/5. What is the units digit of (-3)/(g*3) + 11?
2
Let o be ((-120)/(-50))/(4/10). What is the units digit of o/15 - (-366)/10?
7
Let a = 0 + 2. Suppose 0 = a*s - s - 3. What is the units digit of s?
3
Let y(n) = n**3 + 19*n**2 - 30*n - 49. What is the hundreds digit of y(-20)?
1
Suppose -2*c = -3*c + 5. Let i be 1/c + 1/(-5). Suppose o - 4*o + 9 = i. What is the units digit of o?
3
Let u = -3 + 2. Let w be 2/(-3)*(-45)/10. Let v = u + w. What is the units digit of v?
2
Suppose -24*j + 21*j + 219 = 0. Let s = j - 39. What is the units digit of s?
4
Suppose -u = 3*u - 44. What is the units digit of -3 + (-2)/((-2)/u)?
8
Suppose -5*l + 5*u - 81 = -l, 4*u = 4*l + 80. Let z = l + 28. What is the units digit of z?
9
Let z be 1/(-3) + 44/(-12). Let a be (z/6)/(2/(-6)). What is the units digit of (-74)/(-9) - a/9?
8
Let v(k) = -15*k**3 - 2*k**2 - k. What is the units digit of v(-1)?
4
Let i(z) = -3*z**2 + 9*z + 6. Let j be i(6). Let n = 87 + j. What is the units digit of n?
9
Let l be (-4 - -1 - 2)/(-1). Suppose 4*i + 3*h - 9 = 0, -l*i + 14 = -4*h + 5*h. What is the units digit of i?
3
Suppose 2*u - 6 = -0. What is the tens digit of u/(-5) + 266/10?
2
Suppose -5*w - 179 = 21. Let k = 58 + w. What is the tens digit of k?
1
Suppose -13*h + 285 + 612 = 0. What is the tens digit of h?
6
What is the units digit of -4 + 96 + -5 + 0?
7
Let m(h) = 4*h**2 + 6*h + 5. What is the units digit of m(-3)?
3
Suppose w - 4 = 0, 387 = -3*c - 2*w - 1189. What is the tens digit of c/(-36)*(-6)/(-4)?
2
Suppose 9*z + 26 = 11*z. What is the units digit of z?
3
Suppose -3*r + r + 226 = 0. What is the tens digit of r?
1
What is the units digit of 1/(-3) - (-5 + (-1804)/12)?
5
Let p = 10 - 8. What is the units digit of p*(-4)/(8/(-5))?
5
Let c(n) = 2*n**2 - 8*n. Let z be c(9). Suppose -2*p = 3*p - z. What is the tens digit of p?
1
Let r(d) = -d - 4. Let k(q) = -2*q + 6. Let c be k(6). Let b be r(c). What is the units digit of (16 - -2)*b/4?
9
Suppose 3*q = 2*v + 14, 0*q - 5*q - 4*v + 16 = 0. Let s = 2 + 1. Suppose -s*p = -q*p + 5. What is the units digit of p?
5
Suppose -g + 2*s - 36 = 3*g, -g + 5*s - 9 = 0. Let y be 1*(-3)/((-6)/26). Let v = g + y. What is the units digit of v?
4
Let r(p) = -5*p - 4. What is the tens digit of r(-5)?
2
Let k = -19 + 54. Let o be 2/10 - 7/k. Suppose o = s - 5 - 3. What is the units digit of s?
8
Suppose 0 = q + 2 - 4. What is the units digit of (-2)/(-1) - q - -2?
2
Let g(z) = z + 3. Let p be g(-8). Let q(y) = y**3 + 5*y**2 + y + 7. What is the units digit of q(p)?
2
Let b = 214 + -103. What is the hundreds digit of b?
1
Let d = 1 - -1. Suppose -4*f + p = -7, -2*p + 8 = 4*f - d. Suppose 9 = u + f. What is the units digit of u?
7
Suppose 21*x - 26*x = -210. What is the tens digit of x?
4
Let k = -56 - -98. What is the units digit of k?
2
Let g(j) = -256*j**3 - 3*j**2 + 2. What is the hundreds digit of g(-1)?
2
Suppose 3*u - 57 = 9. Let v = 3 - u. Let w = -10 - v. What is the units digit of w?
9
Let l(p) = p + 1. Let b be l(-1). Suppose -k - 117 = -4*r + 28, b = 3*k - 9. What is the tens digit of r?
3
Suppose 5*p = 14 + 6. Suppose p*q + q + 2*a + 2 = 0, 3*q = -4*a - 4. Let r = q - -2. What is the units digit of r?
2
Let l = -3 - -5. Let x = -2 + l. Suppose -4*c + 3*z + 43 = 0, -5*c + 4*z = -x*z - 55. What is the units digit of c?
7
Suppose v + 14 = m, -3*m + 3*v - v + 42 = 0. Let a = 20 - m. What is the units digit of a?
6
Let u(t) = 2*t**3 + 4*t**2 - 2*t - 5. What is the units digit of u(3)?
9
Let i = -3 + 6. Suppose i*a = -5*q - 5, -4*q + 3 = 3*a - q. What is the units digit of a?
5
Let s(a) = -a - 1. Let r be s(-4). Let d = r - -8. Let o = 18 - d. What is the units digit of o?
7
Let d(x) = x**2 + 3*x - 9. Let p be d(-9). Let w = 65 - p. What is the tens digit of w?
2
Let p(g) = -44*g + 3. Let q(d) = -43*d + 4. Let f(u) = 6*p(u) - 5*q(u). What is the tens digit of f(-1)?
4
Let l(o) = 4*o + 4. Let a(c) = -c**2 - 6*c - 2. Let r be a(-5). What is the tens digit of l(r)?
1
Let w be (28/21)/((-2)/(-6)). Suppose -w*k - 4*g = -72, -k = 3*g + 15 - 43. What is the units digit of k?
3
Let h(w) = -w**2 - 8*w + 6. Let p be h(-8). Suppose 0*n = -n - p. What is the units digit of (-3)/2*4/n?
1
Let s(c) = -4*c - 1. Let v(m) = -m - 1. Suppose -4*o + 13 + 12 = -5*x, 5*o - 15 = 3*x. Let z be v(o). What is the units digit of s(z)?
3
Let w(q) = 52*q**2 - q - 2. What is the tens digit of w(-1)?
5
Let f(u) = -u**3 + 9 - 3*u**2 + 6*u + 2*u**2 + 0*u**2 - 4*u**2. What is the units digit of f(-6)?
9
What is the units digit of -1 + 3 + 6/2?
5
Let h(c) = c**3 - 9*c**2 - 10*c + 1. Let j be h(10). What is the tens digit of j - (0 + -2)*6?
1
Let q(t) = t - 2. Suppose -z + 2*z - 3 = -5*y, 0 = -y + 2*z - 6. Suppose y - 6 = -d. What is the units digit of q(d)?
4
Let r(x) = -x**3 - 6*x**2 + 8*x + 5. Let j be r(-7). Let c be j/8 + (-22)/8. What is the units digit of (-6)/c*(-9)/(-6)?
3
Suppose 2*n = 6*n + 2*l - 174, -l = n - 45. What is the tens digit of n?
4
What is the tens digit of 4/2*(-1190)/(-20)?
1
Let b be (4/(-12))/(2/18). Let u(z) = z + 5. What is the units digit of u(b)?
2
Suppose 0 = -3*u + 2*d + 683, -4*d - 227 = -u - 3*d. What is the units digit of u?
9
What is the units digit of (0 + (-12)/(-9))*6?
8
What is the units digit of (-6)/10 - 715/(-25)?
8
Let v(u) = -4*u - 6. Let o be v(-3). Let q(y) = y**3 - 6*y**2 + 7*y 